ate the remainder when z(-2) is divided by o.
8
Suppose -4*l = -4*z - z + 65, 4*z + 4*l = 52. Suppose -p - 2*p = t - 229, t = p + 213. Suppose 4*h - t = -69. Calculate the remainder when h is divided by z.
11
Suppose 0 = -3*f - 2*f + 95. Calculate the remainder when f is divided by (2/4 - (-78)/(-36))*-3.
4
Let t(i) = 7*i + 1. Let w be t(2). Suppose 2*k + w = 5*k. Let f = 0 - -2. What is the remainder when k is divided by f?
1
Suppose 19*y - 2 - 55 = 0. What is the remainder when 1 + (-1)/((-2)/4) is divided by y?
0
Let b(n) = -n**2 + 16*n - 27. Calculate the remainder when 54 is divided by b(11).
26
Suppose -10*c + 66 = -9*c. Calculate the remainder when c is divided by 17.
15
Suppose -b + 2*b = -4*l + 33, 5*b = l - 24. What is the remainder when 354/10 - (-6)/(-15) is divided by l?
8
Suppose 0 = 3*w + 7 - 4. What is the remainder when w - (-3 + -7) - 0 is divided by 3?
0
Suppose -2*q + 2*o = 12, 3*o - 3 = 2*o. Let m = -1 - -4. What is the remainder when m is divided by 0 - 3/(q/2)?
1
Suppose 108 = 4*u - 5*w, -5*u + w + 135 = -4*w. Let o = 94 + -79. What is the remainder when u is divided by o?
12
Let q = 40 + -21. Let m = -162 - -236. What is the remainder when m is divided by q?
17
What is the remainder when (-48)/408 - 752/(-34) is divided by 2/(-7) - (-58)/7?
6
Suppose 0 = -5*k - 4 - 6, 4*k - 8 = -4*a. Suppose 12 = 2*n - a. Let c(q) = q**3 + 4*q**2 - 2*q - 5. What is the remainder when n is divided by c(-4)?
2
Let i = 12 + -7. What is the remainder when 8 is divided by i?
3
Suppose 0 = -0*p - 3*p - 15. Let i(x) = x + 5. Let g be i(p). Suppose 0 = v - g*v - 12. Calculate the remainder when 22 is divided by v.
10
Let b = -17 + 28. Suppose -4*o = -u + 23, -30 = -4*u - o + b. Calculate the remainder when 29 is divided by u.
7
Let w(v) = -v**3 + 7*v**2 - 2*v - 6. What is the remainder when 87 is divided by w(6)?
15
Let d = 30 + 21. What is the remainder when d is divided by 18?
15
Let o = 47 + -21. Calculate the remainder when o is divided by 14.
12
Calculate the remainder when 95 is divided by ((-2 - -3)/1)/((-2)/(-40)).
15
Calculate the remainder when ((-3)/9)/((-1)/99) is divided by 9.
6
Let w(h) be the second derivative of -1/6*h**4 + 2*h**2 + 1/20*h**5 + 0 - h - 2/3*h**3. What is the remainder when w(3) is divided by 1?
0
Suppose -j + 4*u + 51 = 0, u + 0*u - 272 = -4*j. Suppose 7 = -5*q + j. Calculate the remainder when q is divided by 7.
5
Let d(q) be the first derivative of -q**2 - q + 1/4*q**4 + 3 + 1/3*q**3. What is the remainder when d(3) is divided by 10?
9
Let f(c) = -c**2 + c - 7. Let o be f(0). What is the remainder when (30/o)/((-2)/14) is divided by 11?
8
Suppose 12 = 5*d + i, -5*d - 3*i - i + 3 = 0. Suppose 0 = d*w - 17 - 25. Suppose 4*b = 56 + 52. What is the remainder when b is divided by w?
13
Suppose 0 = u - 0 - 2. Suppose 5*o - u = 18. Let h(f) = f**2 + 3*f + 6. Calculate the remainder when h(-4) is divided by o.
2
Suppose 2*r = 3*r + q - 19, 3*q + 3 = 0. Let i(d) = 5*d**2 - 6*d + 3. What is the remainder when i(4) is divided by r?
19
Let x = -31 - -51. Suppose -5*l + 39 = 4*j, 9 = j + 4*l - 2*l. Calculate the remainder when x is divided by j.
9
Let x(o) = -2*o + 27. What is the remainder when x(0) is divided by 7?
6
Let i(d) = -2*d**3 - d**2 + 10*d + 15. Calculate the remainder when 116 is divided by i(-2).
4
Let b(w) = -w**2 - 6*w - 1. Let x be b(-5). Calculate the remainder when 35 is divided by 284/16 + 1/x.
17
Let l = -29 + 50. Let h = 93 - l. Calculate the remainder when h is divided by 25.
22
Let k(i) = 24*i**2 - 2*i - 1. Calculate the remainder when k(-2) is divided by 25.
24
Let a(f) = -f**3 + 7*f**2 + f - 6. Let q(h) = 13*h - 1. Let p be (3/2)/(3/4). Calculate the remainder when a(5) is divided by q(p).
24
Let i(k) be the third derivative of -k**5/60 - k**3/3 - 2*k**2. Let g be i(3). Let f = g - -16. What is the remainder when 14 is divided by f?
4
Calculate the remainder when ((-25)/2 + 2)*-6 is divided by (88/12)/((-1)/(-3)).
19
Calculate the remainder when (-6 - 162/15)*(-20)/2 is divided by 43.
39
Suppose 2*u + 4*a - 16 - 18 = 0, u - 29 = -5*a. Calculate the remainder when u is divided by 3.
0
Let n(u) = u**3 + 6*u**2 + u + 8. Let x(r) = -6*r + 1. Let d be x(1). Let m = d - 1. What is the remainder when 3 is divided by n(m)?
1
Suppose 3*v = 77 - 8. Calculate the remainder when v is divided by 6.
5
Let j = 28 - 18. Suppose 111 = 2*l + l. What is the remainder when l is divided by j?
7
Suppose 14 = 5*f - 11. Suppose 0*p - 42 = -3*p. Let r = p - f. Calculate the remainder when 17 is divided by r.
8
Let o(b) = b**2 + b - 7. Let r = 11 + 8. Calculate the remainder when r is divided by o(3).
4
Suppose 4*i - 70 = 2*i. Let d(b) = b + 12. Let y be d(-6). What is the remainder when i is divided by 2/y - (-265)/15?
17
Let t = -26 - -16. Let q = 14 + t. Calculate the remainder when 15 is divided by q.
3
Let r(h) = h**2 - 2*h. Suppose -4*i - 89 = d, -5*i - 3*d + 90 = -10*i. Let z = i + 49. Calculate the remainder when z is divided by r(5).
13
Let j(v) = -8*v - 73. Suppose 50 - 8 = 3*o. Calculate the remainder when j(-14) is divided by o.
11
Calculate the remainder when 6/8 + (-2286)/(-24) is divided by 50.
46
Let i(z) = -z**2 + 7*z - 4. Let d be i(6). Let m = d - 4. Calculate the remainder when 8 is divided by (-1)/(m/(2*5)).
3
Let z(w) = -38*w - 182. Suppose 3*n + 2*g = 5*g + 57, -2*n = -5*g - 26. Calculate the remainder when n is divided by z(-5).
7
Suppose d = -4*y + 171, 4*d + 156 = 6*y - 2*y. Let s = 40 + -18. Calculate the remainder when y is divided by s.
20
Suppose 2*u = 4, -3*v - 4*u = -u - 39. What is the remainder when 31 is divided by v?
9
Let o(s) = 5*s**2 - 2. Calculate the remainder when 71 is divided by o(2).
17
Suppose 0 = 3*z + h - 44, -4 = -z + 2*h + 6. Calculate the remainder when 83 is divided by z.
13
Let a = 64 + -18. Calculate the remainder when 135 is divided by a.
43
Suppose 0 = -0*j + 7*j - 35. Calculate the remainder when 14 is divided by j.
4
Suppose -9 - 1 = -5*u. Suppose 3 + u = a. Calculate the remainder when a is divided by 0 - 4/((-4)/2).
1
Suppose 3*u = -4*a + 27, 0 = 3*a - u + 1 - 5. Suppose g = a*g + 34. Let z = -6 - g. Calculate the remainder when 21 is divided by z.
10
Let j = -10 - -45. What is the remainder when 137 is divided by j?
32
Let y(n) = 7*n + 2. Calculate the remainder when y(6) is divided by 12.
8
Let z(a) = a**2 + 3*a. Let b(f) = f**3 - 3*f**2 - 3*f + 2. Calculate the remainder when b(5) is divided by z(-5).
7
Suppose 38 - 11 = 3*i. Let b = 90 - 57. What is the remainder when b is divided by i?
6
Suppose 8*g = 4*g + 388. What is the remainder when g is divided by 7?
6
Calculate the remainder when ((-4)/(-6))/((-1)/(-54)) is divided by 13.
10
Let n = 66 + -41. Calculate the remainder when n is divided by 11.
3
Let k = -9 + 9. Suppose 5*j - 14 - 1 = k. What is the remainder when 11 is divided by j?
2
Let g(h) = -3*h + 4. Let r be (6 - -2)*(-2)/4. Let d be r/(-6) - 56/12. Calculate the remainder when g(d) is divided by 9.
7
Let s = -10 + 15. Let d(x) = x**2 - 19*x + 13. Calculate the remainder when d(19) is divided by s.
3
Calculate the remainder when 29 is divided by (-2)/(-14) - 152/(-14).
7
Suppose 2*t = -3*t - 5*s, -12 = -5*t - s. Calculate the remainder when 16 is divided by t.
1
Let c = -42 + 64. Suppose -p - l + 28 = -5*l, -17 = p + 5*l. What is the remainder when c is divided by p?
6
Calculate the remainder when ((-20)/(-8) - (-2)/(-4)) + 24 is divided by 4.
2
Suppose w + w - 32 = 0. What is the remainder when 30 is divided by w?
14
Suppose -25 - 8 = -q. What is the remainder when q is divided by 6?
3
Let w(h) = h**2 + 11*h + 9. Calculate the remainder when 33 + 0/1 + 1 is divided by w(-11).
7
Let j(f) = -3*f - 2. Let d be j(-2). Suppose i - d*z = -0*z - 9, -i - 3*z + 26 = 0. Calculate the remainder when 20 is divided by i.
9
Let j = 2 - -9. Let r = 32 + -12. What is the remainder when r is divided by j?
9
What is the remainder when 2/4*(-1 - -63) is divided by 12?
7
Let v(o) be the first derivative of o**4/4 - o**3 + o**2 + o + 1. Calculate the remainder when 13 is divided by v(3).
6
What is the remainder when 26 is divided by (-4)/(-5)*(-35)/(-2)?
12
Let t be (1 + 0)*1 + 1. Suppose 13*y = 11*y - 18. What is the remainder when 29 is divided by 88/9 - t/y?
9
